08.
5
Calculate the remainder when 22790 is divided by 2067.
53
Calculate the remainder when 466239 is divided by 310.
309
Calculate the remainder when 25438 is divided by 45.
13
Calculate the remainder when 144 is divided by 128.
16
What is the remainder when 1873984 is divided by 431?
427
What is the remainder when 1370 is divided by 98?
96
What is the remainder when 65984 is divided by 65956?
28
What is the remainder when 203 is divided by 104?
99
What is the remainder when 1529107 is divided by 10?
7
Calculate the remainder when 173583 is divided by 304.
303
What is the remainder when 58625 is divided by 1156?
825
What is the remainder when 10712 is divided by 591?
74
Calculate the remainder when 43178 is divided by 34.
32
Calculate the remainder when 33231 is divided by 11075.
6
What is the remainder when 49793 is divided by 300?
293
Calculate the remainder when 41188 is divided by 142.
8
What is the remainder when 7812 is divided by 46?
38
What is the remainder when 19471 is divided by 19?
15
Calculate the remainder when 201256 is divided by 67067.
55
Calculate the remainder when 716937 is divided by 263.
262
What is the remainder when 130335 is divided by 26?
23
What is the remainder when 2506552 is divided by 18?
16
Calculate the remainder when 3881680 is divided by 49.
47
Calculate the remainder when 77305 is divided by 44.
41
What is the remainder when 6277 is divided by 442?
89
Calculate the remainder when 473861 is divided by 191.
181
Calculate the remainder when 780 is divided by 465.
315
Calculate the remainder when 69476 is divided by 451.
22
What is the remainder when 941 is divided by 389?
163
What is the remainder when 3274 is divided by 423?
313
Calculate the remainder when 607834 is divided by 111.
109
Calculate the remainder when 2536 is divided by 148.
20
Calculate the remainder when 46969 is divided by 1956.
25
Calculate the remainder when 322049 is divided by 50.
49
What is the remainder when 1109247 is divided by 450?
447
Calculate the remainder when 1409 is divided by 23.
6
What is the remainder when 8443 is divided by 8279?
164
Calculate the remainder when 1560 is divided by 1016.
544
Calculate the remainder when 10607 is divided by 66.
47
What is the remainder when 5622 is divided by 8?
6
What is the remainder when 24144 is divided by 1720?
64
Calculate the remainder when 13448 is divided by 3358.
16
What is the remainder when 3826 is divided by 3173?
653
Calculate the remainder when 9734 is divided by 92.
74
What is the remainder when 93517 is divided by 79?
60
Calculate the remainder when 2208 is divided by 92.
0
What is the remainder when 124320 is divided by 160?
0
Calculate the remainder when 496494 is divided by 682.
680
Calculate the remainder when 109950 is divided by 509.
6
Calculate the remainder when 105529 is divided by 13.
8
What is the remainder when 364 is divided by 323?
41
Calculate the remainder when 38921 is divided by 7.
1
What is the remainder when 6309 is divided by 264?
237
Calculate the remainder when 213584 is divided by 15.
14
Calculate the remainder when 7531 is divided by 6.
1
What is the remainder when 89704 is divided by 590?
24
What is the remainder when 665465 is divided by 133093?
0
Calculate the remainder when 13829 is divided by 13546.
283
What is the remainder when 915620 is divided by 314?
310
Calculate the remainder when 7625 is divided by 388.
253
Calculate the remainder when 61063 is divided by 59.
57
Calculate the remainder when 29195 is divided by 28807.
388
What is the remainder when 4508 is divided by 4476?
32
What is the remainder when 68666 is divided by 105?
101
Calculate the remainder when 44423 is divided by 871.
2
What is the remainder when 38213 is divided by 56?
21
What is the remainder when 929 is divided by 402?
125
Calculate the remainder when 13491 is divided by 43.
32
Calculate the remainder when 10507497 is divided by 1868.
1865
Calculate the remainder when 158555 is divided by 80.
75
What is the remainder when 4245 is divided by 36?
33
Calculate the remainder when 889 is divided by 553.
336
What is the remainder when 256178 is divided by 111?
101
What is the remainder when 724645 is divided by 1555?
15
What is the remainder when 7524 is divided by 376?
4
Calculate the remainder when 196184 is divided by 15.
14
Calculate the remainder when 130 is divided by 41.
7
Calculate the remainder when 3252 is divided by 1071.
39
Calculate the remainder when 40574 is divided by 286.
248
Calculate the remainder when 4530 is divided by 612.
246
What is the remainder when 302465 is divided by 18?
11
Calculate the remainder when 1677546 is divided by 175.
171
Calculate the remainder when 102447 is divided by 235.
222
What is the remainder when 112910 is divided by 528?
446
Calculate the remainder when 79440 is divided by 39708.
24
Calculate the remainder when 171 is divided by 98.
73
Calculate the remainder when 132088 is divided by 11005.
28
What is the remainder when 143942 is divided by 93?
71
Calculate the remainder when 49083 is divided by 165.
78
What is the remainder when 20733 is divided by 75?
33
Calculate the remainder when 5921 is divided by 49.
41
Calculate the remainder when 9386 is divided by 84.
62
What is the remainder when 3517 is divided by 194?
25
Calculate the remainder when 142372 is divided by 565.
557
Calculate the remainder when 1945 is divided by 41.
18
What is the remainder when 440258 is divided by 837?
833
Calculate the remainder when 79604 is divided by 35.
14
What is the remainder when 19423 is divided by 21?
19
Calculate the remainder when 12540 is divided by 297.
66
Calculate the remainder when 10458 is divided by 10444.
14
Calculate the remainder when 1743927 is divided by 1488.
1479
What is the remainder when 14128 is divided by 7?
2
Calculate the remainder when 7782914 is divided by 1833.
1829
What is the remainder when 1150325 is divided by 383440?
5
What is the remainder when 14873 is divided by 86?
81
Calculate the remainder when 361789 is divided by 121.
120
Calculate the remainder when 19776 is divided by 4941.
12
What is the remainder when 3235 is divided by 964?
343
What is the remainder when 4250 is divided by 129?
122
What is the remainder when 4829 is divided by 15?
14
Calculate the remainder when 84822 is divided by 92.
90
Calculate the remainder when 8431 is divided by 1154.
353
Calculate the remainder when 94286 is divided by 799.
4
What is the remainder when 54503 is divided by 580?
563
Calculate the remainder when 165661 is divided by 275.
111
What is the remainder when 28904 is divided by 419?
412
Calculate the remainder when 13888 is divided by 6940.
8
What is the remainder when 7026 is divided by 2331?
33
Calculate the remainder when 35858 is divided by 168.
74
Calculate the remainder when 401859 is divided by 1095.
1089
What is the remainder when 19900 is divided by 133?
83
Calculate the remainder when 5631 is divided by 192.
63
What is the remainder when 13883 is divided by 339?
323
What is the remainder when 24988 is divided by 643?
554
What is the remainder when 445625 is divided by 38?
37
What is the remainder when 175053 is divided by 3?
0
Calculate the remainder when 185908 is divided by 39.
34
What is the remainder when 5167 is divided by 1695?
82
What is the remainder when 1475 is divided by 19?
12
Calculate the remainder when 163919 is divided by 719.
706
What is the remainder when 522426 is divided by 28?
2
Calculate the remainder when 13285 is divided by 34.
25
What is the remainder when 361897 is divided by 9047?
17
Calculate the remainder when 1411 is divided by 1079.
332
Calculate the remainder when 60126 is divided by 199.
28
What is the remainder when 3539117 is divided by 533?
530
What is the remainder when 946 is divided by 323?
300
Calculate the remainder when 120173 is divided by 115.
113
Calculate the remainder when 166009 is divided by 98.
95
What is the remainder when 4851 is divided by 437?
44
What is the remainder when 237011 is divided by 23?
19
Calculate the remainder when 1515 is divided by 2.
1
What is the remainder when 2309 is divided by 397?
324
What is the remainder when 9677 is divided by 22?
19
What is the remainder when 72498 is divided by 4?
2
Calculate the remainder when 1588 is